{"id":32,"date":"2020-08-19T10:23:11","date_gmt":"2020-08-19T08:23:11","guid":{"rendered":"https:\/\/www.bijoulib.com\/index.php\/colibri-wp\/"},"modified":"2020-08-20T15:32:36","modified_gmt":"2020-08-20T13:32:36","slug":"colibri-wp","status":"publish","type":"page","link":"https:\/\/www.bijoulib.com\/","title":{"rendered":"Front Page"},"content":{"rendered":"<div data-colibri-id=\"32-c1\" class=\"style-190 style-local-32-c1 position-relative\">\n  <!---->\n  <div data-colibri-component=\"section\" data-colibri-id=\"32-c2\" id=\"overlappable\" class=\"h-section h-section-global-spacing d-flex align-items-lg-center align-items-md-center align-items-center style-191 style-local-32-c2 position-relative\">\n    <!---->\n    <!---->\n    <div class=\"h-section-grid-container h-section-boxed-container\">\n      <!---->\n      <div data-colibri-id=\"32-c3\" class=\"h-row-container gutters-row-lg-0 gutters-row-md-0 gutters-row-2 gutters-row-v-lg-0 gutters-row-v-md-0 gutters-row-v-2 style-192 style-local-32-c3 position-relative\">\n        <!---->\n        <div class=\"h-row justify-content-lg-center justify-content-md-center justify-content-center align-items-lg-stretch align-items-md-stretch align-items-stretch gutters-col-lg-0 gutters-col-md-0 gutters-col-2 gutters-col-v-lg-0 gutters-col-v-md-0 gutters-col-v-2\">\n          <!---->\n          <div class=\"h-column h-column-container d-flex h-col-lg-4 h-col-md-4 h-col-12 style-193-outer style-local-32-c4-outer\">\n            <div data-colibri-id=\"32-c4\" class=\"d-flex h-flex-basis h-column__inner h-px-lg-3 h-px-md-3 h-px-2 v-inner-lg-3 v-inner-md-3 v-inner-2 style-193 style-local-32-c4 position-relative\">\n              <!---->\n              <!---->\n              <div class=\"w-100 h-y-container h-column__content h-column__v-align flex-basis-100 align-self-lg-center align-self-md-center align-self-center\">\n                <!---->\n                <div data-colibri-id=\"32-c5\" class=\"h-global-transition-all h-heading style-195 style-local-32-c5 position-relative h-element\">\n                  <!---->\n                  <div class=\"h-heading__outer style-195 style-local-32-c5\">\n                    <!---->\n                    <!---->\n                    <h5 class=\"\">Prise de Rendez-Vous<\/h5>\n                  <\/div>\n                <\/div>\n                <div data-colibri-id=\"32-c6\" class=\"h-text h-text-component style-196 style-local-32-c6 position-relative h-element\">\n                  <!---->\n                  <!---->\n                  <div class=\"\">\n                    <p>24h\/24 et 7j\/7<\/p>\n                    <p>pour une rencontre virtuelle ou visite au showroom de Nanterre\n                      <br>\n                    <\/p>\n                  <\/div>\n                <\/div>\n              <\/div>\n            <\/div>\n          <\/div>\n          <div class=\"h-column h-column-container d-flex h-col-lg-4 h-col-md-4 h-col-12 style-193-outer style-local-32-c7-outer\">\n            <div data-colibri-id=\"32-c7\" class=\"d-flex h-flex-basis h-column__inner h-px-lg-3 h-px-md-3 h-px-2 v-inner-lg-3 v-inner-md-3 v-inner-2 style-193 style-local-32-c7 position-relative\">\n              <!---->\n              <!---->\n              <div class=\"w-100 h-y-container h-column__content h-column__v-align flex-basis-100 align-self-lg-center align-self-md-center align-self-center\">\n                <!---->\n                <div data-colibri-id=\"32-c8\" class=\"h-global-transition-all h-heading style-195 style-local-32-c8 position-relative h-element\">\n                  <!---->\n                  <div class=\"h-heading__outer style-195 style-local-32-c8\">\n                    <!---->\n                    <!---->\n                    <h5 class=\"\">WEBINAR<\/h5>\n                  <\/div>\n                <\/div>\n                <div data-colibri-id=\"32-c9\" class=\"h-text h-text-component style-196 style-local-32-c9 position-relative h-element\">\n                  <!---->\n                  <!---->\n                  <div class=\"\">\n                    <p>Participez en direct et\/ou recevez l&rsquo;enregistrement\n                      <br>\n                    <\/p>\n                  <\/div>\n                <\/div>\n              <\/div>\n            <\/div>\n          <\/div>\n          <div class=\"h-column h-column-container d-flex h-col-lg-4 h-col-md-4 h-col-12 style-193-outer style-local-32-c10-outer\">\n            <div data-colibri-id=\"32-c10\" class=\"d-flex h-flex-basis h-column__inner h-px-lg-3 h-px-md-3 h-px-2 v-inner-lg-3 v-inner-md-3 v-inner-2 style-193 style-local-32-c10 position-relative\">\n              <!---->\n              <!---->\n              <div class=\"w-100 h-y-container h-column__content h-column__v-align flex-basis-100 align-self-lg-center align-self-md-center align-self-center\">\n                <!---->\n                <div data-colibri-id=\"32-c11\" class=\"h-global-transition-all h-heading style-195 style-local-32-c11 position-relative h-element\">\n                  <!---->\n                  <div class=\"h-heading__outer style-195 style-local-32-c11\">\n                    <!---->\n                    <!---->\n                    <h5 class=\"\">Rappels<\/h5>\n                  <\/div>\n                <\/div>\n                <div data-colibri-id=\"32-c12\" class=\"h-text h-text-component style-196 style-local-32-c12 position-relative h-element\">\n                  <!---->\n                  <!---->\n                  <div class=\"\">\n                    <p>N&rsquo;oubliez pas votre rendez-vous gr\u00e2ce \u00e0 nos rappels automatiques par SMS ou par mail\n                      <br>\n                    <\/p>\n                  <\/div>\n                <\/div>\n              <\/div>\n            <\/div>\n          <\/div>\n        <\/div>\n      <\/div>\n    <\/div>\n  <\/div>\n  <div data-colibri-component=\"section\" data-colibri-id=\"32-c13\" id=\"content\" class=\"h-section h-section-global-spacing d-flex align-items-lg-center align-items-md-center align-items-center style-349 style-local-32-c13 position-relative\">\n    <!---->\n    <!---->\n    <div class=\"h-section-grid-container h-section-fluid-container\">\n      <!---->\n      <div data-colibri-id=\"32-c14\" class=\"h-row-container gutters-row-lg-2 gutters-row-md-2 gutters-row-2 gutters-row-v-lg-2 gutters-row-v-md-2 gutters-row-v-2 style-350 style-local-32-c14 position-relative\">\n        <!---->\n        <div class=\"h-row justify-content-lg-center justify-content-md-center justify-content-center align-items-lg-stretch align-items-md-stretch align-items-stretch gutters-col-lg-2 gutters-col-md-2 gutters-col-2 gutters-col-v-lg-2 gutters-col-v-md-2 gutters-col-v-2\">\n          <!---->\n          <div class=\"h-column h-column-container d-flex h-col-lg h-col-md h-col-auto style-353-outer style-local-32-c15-outer\">\n            <div data-colibri-id=\"32-c15\" class=\"d-flex h-flex-basis h-column__inner h-px-lg-0 h-px-md-0 h-px-2 v-inner-lg-0 v-inner-md-0 v-inner-2 style-353 style-local-32-c15 position-relative\">\n              <!---->\n              <!---->\n              <div class=\"w-100 h-y-container h-column__content h-column__v-align flex-basis-100 align-self-lg-center align-self-md-center align-self-center\">\n                <!---->\n                <div data-colibri-id=\"32-c16\" class=\"h-x-container style-358 style-local-32-c16 position-relative h-element\">\n                  <!---->\n                  <div class=\"h-x-container-inner style-dynamic-32-c16-group style-358-spacing style-local-32-c16-spacing\"><span class=\"h-button__outer style-359-outer style-local-32-c17-outer d-inline-flex h-element\"><a h-use-smooth-scroll=\"true\" href=\"https:\/\/espacepro.lesinterchangeables.com\"  data-colibri-id=\"32-c17\" class=\"d-flex w-100 align-items-center h-button justify-content-lg-center justify-content-md-center justify-content-center style-359 style-local-32-c17 position-relative\"><!----><!----> <span>Espace Pro<\/span><\/a>\n                    <\/span>\n                  <\/div>\n                <\/div>\n                <div data-colibri-id=\"32-c18\" class=\"h-divider style-361 style-local-32-c18 position-relative h-element\">\n                  <!----><span class=\"h-divider__line style-361-line style-local-32-c18-line style-361-line style-local-32-c18-line\"><\/span> <span class=\"h-svg-icon h-divider__icon style-361-icon style-local-32-c18-icon\"><!--Icon by Font Awesome (https:\/\/fontawesome.com)--><svg version=\"1.1\" xmlns=\"http:\/\/www.w3.org\/2000\/svg\" xmlns:xlink=\"http:\/\/www.w3.org\/1999\/xlink\" id=\"star\" viewBox=\"0 0 1664 1896.0833\"><path d=\"M1664 647q0 22-26 48l-363 354 86 500q1 7 1 20 0 21-10.5 35.5T1321 1619q-19 0-40-12l-449-236-449 236q-22 12-40 12-21 0-31.5-14.5T301 1569q0-6 2-20l86-500L25 695Q0 668 0 647q0-37 56-46l502-73L783 73q19-41 49-41t49 41l225 455 502 73q56 9 56 46z\"><\/path><\/svg><\/span>                  <span class=\"h-divider__line style-361-line style-local-32-c18-line style-361-line style-local-32-c18-line\"><\/span><\/div>\n                <div data-colibri-id=\"32-c19\" class=\"h-global-transition-all h-heading style-354 style-local-32-c19 position-relative h-element\">\n                  <!---->\n                  <div class=\"h-heading__outer style-354 style-local-32-c19\">\n                    <!---->\n                    <!---->\n                    <h3 class=\"\">D\u00e9couvrez notre site de prise de commande en ligne.\n                      <br>Ludique, simple et efficace<\/h3>\n                  <\/div>\n                <\/div>\n                <div data-colibri-id=\"32-c20\" class=\"h-text h-text-component style-355 style-local-32-c20 position-relative h-element\">\n                  <!---->\n                  <!---->\n                  <div class=\"\">\n                    <p>Pour vos informations de connexion merci de nous envoyer un mail : contact@lesinterchangeables.com\n                      <br>\n                    <\/p>\n                  <\/div>\n                <\/div>\n              <\/div>\n            <\/div>\n          <\/div>\n        <\/div>\n      <\/div>\n    <\/div>\n  <\/div>\n<\/div>","protected":false},"excerpt":{"rendered":"<p>Prise de Rendez-Vous 24h\/24 et 7j\/7 pour une rencontre virtuelle ou visite au showroom de Nanterre WEBINAR Participez en direct et\/ou recevez l&rsquo;enregistrement Rappels N&rsquo;oubliez pas votre rendez-vous gr\u00e2ce \u00e0 nos rappels automatiques par SMS ou par mail Espace Pro D\u00e9couvrez notre site de prise de commande en ligne. Ludique, simple et efficace Pour vos [&hellip;]<\/p>\n","protected":false},"author":1,"featured_media":0,"parent":0,"menu_order":0,"comment_status":"closed","ping_status":"closed","template":"page-templates\/homepage.php","meta":[],"_links":{"self":[{"href":"https:\/\/www.bijoulib.com\/index.php\/wp-json\/wp\/v2\/pages\/32"}],"collection":[{"href":"https:\/\/www.bijoulib.com\/index.php\/wp-json\/wp\/v2\/pages"}],"about":[{"href":"https:\/\/www.bijoulib.com\/index.php\/wp-json\/wp\/v2\/types\/page"}],"author":[{"embeddable":true,"href":"https:\/\/www.bijoulib.com\/index.php\/wp-json\/wp\/v2\/users\/1"}],"replies":[{"embeddable":true,"href":"https:\/\/www.bijoulib.com\/index.php\/wp-json\/wp\/v2\/comments?post=32"}],"version-history":[{"count":8,"href":"https:\/\/www.bijoulib.com\/index.php\/wp-json\/wp\/v2\/pages\/32\/revisions"}],"predecessor-version":[{"id":97,"href":"https:\/\/www.bijoulib.com\/index.php\/wp-json\/wp\/v2\/pages\/32\/revisions\/97"}],"wp:attachment":[{"href":"https:\/\/www.bijoulib.com\/index.php\/wp-json\/wp\/v2\/media?parent=32"}],"curies":[{"name":"wp","href":"https:\/\/api.w.org\/{rel}","templated":true}]}}